 factor of l and 20.
20
Let c = 0 + 80. What is the greatest common factor of c and 10?
10
Let q be 7*5/1*1. Suppose -3*c - 15 = -6*c. What is the greatest common factor of c and q?
5
Let v be ((-4)/(-1))/(1398/348 - 4). Calculate the highest common divisor of v and 29.
29
Let p be (14 - 0)*(-3)/(-2). Let d(i) be the third derivative of i**5/15 - i**4/24 + 3*i**2. Let f be d(2). What is the highest common factor of p and f?
7
Let t be 24/((-10)/(-6)*(-2)/(-20)). What is the greatest common factor of 16 and t?
16
Suppose 0 = 3*x - 46 + 16. Let i(s) = s**3 + 9*s**2 - 3*s + 3. Suppose 0 = -2*o - 9 - 9. Let w be i(o). Calculate the highest common factor of w and x.
10
Suppose 0 = -0*v + 4*v - 92. Suppose -115 = -34*p + 29*p. Calculate the greatest common divisor of v and p.
23
Let h(t) = -t**3 - 8*t**2 + 9*t + 4. Let d be h(-9). What is the highest common divisor of 92 and d?
4
Suppose 237 = 4*d - 75. Suppose -2*p = -0*p - d. What is the highest common divisor of 26 and p?
13
Let y(r) = -5*r - 6. Let z be y(-4). Let o = z + -1. Calculate the highest common factor of o and 39.
13
Suppose 0 = 7*s - 2*s, -4*t + 56 = 5*s. What is the highest common factor of 35 and t?
7
Suppose 3*z = -2*f + 38, f - 45 = z + 4*z. Calculate the greatest common divisor of 125 and f.
25
Suppose -b - 3*h + 16 = 2*h, 12 = 3*h. Let d = b + 7. Suppose -20 = -d*z - 2*z. What is the highest common factor of z and 1?
1
Let x be -5 + -1 + 3 - -102. What is the greatest common factor of x and 9?
9
Let j = 288 - 188. What is the greatest common factor of j and 40?
20
Let q(f) = -f**3 - 4*f**2 - 16*f - 7. Let p be q(-6). Let c be 1 - 0 - -1*22. Calculate the greatest common divisor of c and p.
23
Let y be (-38)/4*44/(-11). Calculate the greatest common factor of 19 and y.
19
Let d(q) = -2*q. Let w be d(-6). What is the highest common factor of w and 96?
12
Suppose 0 = -4*c + q + q - 476, 565 = -5*c - 5*q. Let n = -73 - c. Let h(t) = 2*t**2 + 3*t - 3. Let a be h(2). What is the greatest common factor of a and n?
11
Suppose -26 = -y - y. Let q = y - -7. What is the greatest common factor of q and 10?
10
Let t be (-2)/(-2*2/6). Suppose t*v = 28 + 2. What is the greatest common factor of 40 and v?
10
Let b be 5/5 - 4*-11. Calculate the highest common divisor of b and 5.
5
Let i(o) = 16*o**2 + 3*o - 1. Let l be i(5). Let m be l/24 + 1/(-4). Calculate the highest common factor of 102 and m.
17
Suppose c - b = 5, -4*c - 3*b = -8*b - 16. Suppose 0 = 4*d - k - 60, -4*d + d - k + 45 = 0. Let p = d - c. Calculate the highest common divisor of p and 54.
6
Let p(a) = 19*a**2 + 4*a - 2. Let o be p(-2). What is the greatest common factor of o and 11?
11
Let d = 2 + 0. Let b(z) = 3*z**2 + 2. Suppose -p = t - 3 + 1, 0 = 4*p + 2*t - 8. Let m be b(p). What is the greatest common factor of m and d?
2
Let j(w) = 19*w**3. Let r be j(-2). Let s be -3 + 454/(-3 + 5). Let h = s + r. Calculate the highest common factor of h and 8.
8
Suppose 0*y - 19 = -y. What is the highest common divisor of 19 and y?
19
Suppose -l = -2*i + 12, 6*l = 5*l - 2. Let o be (-12)/18 - 62/(-3). Calculate the highest common factor of o and i.
5
Suppose 8 = 2*c - 4. Calculate the greatest common factor of c and 9.
3
Let a = 16 - 4. Let h(f) = 22*f - 1. Let b(o) = -110*o + 6. Let k(i) = -3*b(i) - 14*h(i). Let x be k(4). Calculate the greatest common factor of a and x.
12
Suppose 0 = -3*o + 328 - 16. Let x be -2 + 7/(7/15). What is the highest common divisor of o and x?
13
Suppose -3*y + 1 = -2*c + 2, -5*y - 4 = -c. Let l be (-1)/(y/18 - 0). Let q = 26 - 8. What is the greatest common divisor of q and l?
18
Let o(h) = h**3 + 3*h**2 - 4*h - 2. Let b be o(-3). What is the greatest common divisor of b and 20?
10
Let q be ((-8)/(-12))/((-5)/(-45)). What is the highest common factor of 24 and q?
6
Let t be (-10)/4*16/(-10). Suppose 3*a + 553 = -4*b + 8*a, -5*b = -t*a + 680. Let w be b/(-9) + 2/(-3). Calculate the highest common divisor of w and 126.
14
Let h be 0 - (-38 - (-6)/2). Suppose 4 + h = a + l, 0 = 3*l. Let x(k) = -k + 13. Let o be x(0). What is the greatest common divisor of o and a?
13
Let k(d) = -37*d**2 - 2 + 36*d**2 - 4*d - 13*d. Let z be k(-14). What is the greatest common divisor of z and 10?
10
Suppose -5*m + 3 = -87. Let s be (-84 + 0)/(18/(-12)). Let y = s - 38. What is the highest common factor of m and y?
18
Suppose -2*p + 1337 = 3*a, 2*a + 2230 = 7*a + 5*p. Let t = a + -301. What is the greatest common factor of 18 and t?
18
Let z be (-15)/(-2) - (-1)/2. What is the greatest common factor of z and 12?
4
Suppose 4*z - 147 = -w - 27, 5*z = -2*w + 234. Calculate the greatest common divisor of w and 7.
7
Let y = 187 + -132. What is the highest common factor of y and 22?
11
Suppose -5*d - 5*v = -150, -134 = -2*d - 3*d + 3*v. Calculate the highest common factor of d and 21.
7
Suppose -3*g = -4*s - 54, 3*g - 4*g = -3*s - 18. What is the highest common divisor of g and 2?
2
Let a(i) = 4*i - 2. Let w be a(1). Let g be w/1 + 5 + 0. Calculate the greatest common divisor of 1 and g.
1
Let h = -28 - -73. Calculate the greatest common factor of h and 495.
45
Let i(j) = -j**2 + 4*j + 3. Let v be i(6). Let r = v - -13. Suppose -3*q = -r*g - 0*q + 75, 0 = 4*q + 20. Calculate the highest common factor of 120 and g.
15
Let s be ((-32)/(-4) + -2)*4. Let d be 8/s - 942/(-9). Calculate the greatest common divisor of d and 15.
15
Let c be (-1 + (-1 - -1))*-44. Let b be 45/6*4/(-6). Let q be 2 + (b - -3 - -4). Calculate the highest common factor of c and q.
4
Suppose 0 = -5*v + 10, -j - 3*v = v + 7. Let l be 136/10 + (-6)/j. Calculate the greatest common divisor of 14 and l.
14
Let u be 4/(-10) - (-2211)/15. Let s = 275 - u. Let m be (-584)/(-36) - (-4)/(-18). Calculate the greatest common divisor of s and m.
16
Let v = 7 - 5. Let b be 81/4 + (-2)/8. Let g be (-21)/(-4) + (-5)/b. Calculate the highest common factor of v and g.
1
Suppose p + 547 = 3*p - w, -2*w = -2*p + 544. Calculate the greatest common factor of 25 and p.
25
Let j be 4 - -2*(-5)/(-2 + -8). What is the greatest common divisor of j and 40?
5
Let p be (-147)/(-7)*2/3. Suppose 5*h = 4*b - 334, -3*h + 2*b = -0*b + 202. Let d = h + 105. What is the highest common divisor of d and p?
7
Let x = 29 + -53. Let a = 18 - x. Let j = 48 + -34. What is the highest common factor of j and a?
14
Let p = 11 + -9. Suppose -p*d + 92 = f, 7*d = -3*f + 3*d + 274. Let a(h) = 5*h - 2. Let r be a(4). What is the greatest common divisor of f and r?
18
Suppose -141 = 5*b - 3*c, -b - 4*c - 72 = b. Let o = b - -35. Calculate the greatest common factor of o and 5.
5
Let i(h) = 2*h**2 + 1. Let p be (-4)/(-14) - (-52)/14. Let n be i(p). Let f be -28*1/((-12)/n). Calculate the highest common factor of 7 and f.
7
Let x be (-1)/7 - 758/(-14). What is the highest common factor of 36 and x?
18
Let w = -8 + 5. Let n = -1 - w. Suppose 0 = 3*r - n*r - 4. What is the highest common factor of r and 4?
4
Let x be 8/36 + 169/9. Calculate the greatest common factor of 152 and x.
19
Suppose 5*b - 24 = 4*c, -4*b + c = 4*c - 13. Let v(q) = q**3 + q**2 + 5*q - 5. Let i be v(b). Calculate the highest common divisor of 38 and i.
19
Let t be 2*9 + 4 + -7. Calculate the greatest common divisor of t and 5.
5
Let z = 4 - -1. Suppose b + 0*b - 5*h = -71, -43 = b + 2*h. Let q = b - -96. What is the greatest common divisor of q and z?
5
Let g(h) = -h**2 - h + 2. Let d be g(-3). Let q be (-6)/((-3)/d*-2). Let j(z) = z + 17. Let t be j(-7). Calculate the highest common divisor of t and q.
2
Suppose 61 = -4*b - 155. Let j be (2 + -1)*b/(-3). What is the highest common divisor of 45 and j?
9
Let c be 239/4 + (-1)/(-4). Suppose -2*m + 5*s + 3 = 8, -m - 10 = -4*s. Let h be (-35)/m*(-12)/7. Calculate the highest common factor of c and h.
6
Suppose -3*l = -a + 23, -a - 2*l = -4*a + 34. What is the greatest common divisor of 8 and a?
8
Let b be (10 - 9)*4/2. Suppose 3*k - 7*k + 10 = 2*x, x - b*k - 13 = 0. Calculate the greatest common factor of x and 18.
9
Let z be ((-60)/(-50))/(4/10). Suppose z*d = 5*d - 192. Let a = 32 + -20. What is the highest common divisor of a and d?
12
Let a(v) = -v**2 - 2*v + 1. Let q be a(-2). Let t be -3 - (-16)/6*3. What is the greatest common divisor of t and q?
1
Let s = -7 + 8. Let l = 5 - s. Suppose -5